{"id":205,"date":"2020-06-04T10:58:11","date_gmt":"2020-06-04T07:58:11","guid":{"rendered":"https:\/\/hils.ro\/?page_id=205"},"modified":"2026-04-16T09:46:32","modified_gmt":"2026-04-16T06:46:32","slug":"contact","status":"publish","type":"page","link":"https:\/\/hils.ro\/titanium\/contact\/","title":{"rendered":"Contact"},"content":{"rendered":"<h1>Contact<\/h1>\n<p>C\u0103minul pe care \u021bi-l dore\u0219ti este la doar un pas distan\u021b\u0103. Contacteaz\u0103-ne \u0219i te vom ajuta s\u0103 faci cea mai potrivit\u0103 alegere pentru viitorul t\u0103u.<\/p>\n<div class=\"cta_hero\"><a id=\"btn_solicita_oferta\" style=\"color: #fff; background: #00BEF2; font-size: 14px; font-style: normal; font-weight: 500; margin-left: 0; padding: 9px 20px;\" href=\"#contact\">SOLICIT\u0102 O OFERT\u0102<\/a><\/div>\n","protected":false},"excerpt":{"rendered":"<p>Contact C\u0103minul pe care \u021bi-l dore\u0219ti este la doar un pas distan\u021b\u0103. Contacteaz\u0103-ne \u0219i te vom ajuta s\u0103 faci cea mai potrivit\u0103 alegere pentru viitorul t\u0103u. SOLICIT\u0102 O OFERT\u0102<\/p>\n","protected":false},"author":10,"featured_media":9433,"parent":0,"menu_order":0,"comment_status":"closed","ping_status":"closed","template":"template-contact.php","meta":{"_acf_changed":false,"footnotes":""},"class_list":["post-205","page","type-page","status-publish","has-post-thumbnail","hentry"],"acf":[],"yoast_head":"<!-- This site is optimized with the Yoast SEO plugin v27.3 - https:\/\/yoast.com\/product\/yoast-seo-wordpress\/ -->\n<title>Contact - HILS Titanium<\/title>\n<meta name=\"description\" content=\"Contacteaz\u0103-ne pentru detalii despre apartamentele noi din HILS Titanium. Echipa noastra este aici s\u0103 te ajute s\u0103 g\u0103se\u0219ti apartamentul ideal.\" \/>\n<meta name=\"robots\" content=\"index, follow, max-snippet:-1, max-image-preview:large, max-video-preview:-1\" \/>\n<link rel=\"canonical\" href=\"https:\/\/hils.ro\/titanium\/contact\/\" \/>\n<meta property=\"og:locale\" content=\"ro_RO\" \/>\n<meta property=\"og:type\" content=\"article\" \/>\n<meta property=\"og:title\" content=\"Contact - HILS Titanium\" \/>\n<meta property=\"og:description\" content=\"Contacteaz\u0103-ne pentru detalii despre apartamentele noi din HILS Titanium. Echipa noastra este aici s\u0103 te ajute s\u0103 g\u0103se\u0219ti apartamentul ideal.\" \/>\n<meta property=\"og:url\" content=\"https:\/\/hils.ro\/titanium\/contact\/\" \/>\n<meta property=\"og:site_name\" content=\"HILS Titanium\" \/>\n<meta property=\"article:publisher\" content=\"https:\/\/www.facebook.com\/hils.development\/\" \/>\n<meta property=\"article:modified_time\" content=\"2026-04-16T06:46:32+00:00\" \/>\n<meta property=\"og:image\" content=\"https:\/\/hils.ro\/titanium\/wp-content\/uploads\/2025\/04\/Cover-TTN_EXT_C04_small-1.jpg\" \/>\n\t<meta property=\"og:image:width\" content=\"1920\" \/>\n\t<meta property=\"og:image:height\" content=\"800\" \/>\n\t<meta property=\"og:image:type\" content=\"image\/jpeg\" \/>\n<meta name=\"twitter:card\" content=\"summary_large_image\" \/>\n<meta name=\"twitter:title\" content=\"Contact - HILS Titanium\" \/>\n<meta name=\"twitter:description\" content=\"Contacteaz\u0103-ne pentru detalii despre apartamentele noi din HILS Titanium. Echipa noastra este aici s\u0103 te ajute s\u0103 g\u0103se\u0219ti apartamentul ideal.\" \/>\n<meta name=\"twitter:image\" content=\"https:\/\/hils.ro\/titanium\/wp-content\/uploads\/2025\/04\/Cover-TTN_EXT_C04_small-1.jpg\" \/>\n<meta name=\"twitter:label1\" content=\"Timp estimat pentru citire\" \/>\n\t<meta name=\"twitter:data1\" content=\"1 minut\" \/>\n<script type=\"application\/ld+json\" class=\"yoast-schema-graph\">{\"@context\":\"https:\\\/\\\/schema.org\",\"@graph\":[{\"@type\":\"WebPage\",\"@id\":\"https:\\\/\\\/hils.ro\\\/titanium\\\/contact\\\/\",\"url\":\"https:\\\/\\\/hils.ro\\\/titanium\\\/contact\\\/\",\"name\":\"Contact - HILS Titanium\",\"isPartOf\":{\"@id\":\"https:\\\/\\\/hils.ro\\\/titanium\\\/#website\"},\"primaryImageOfPage\":{\"@id\":\"https:\\\/\\\/hils.ro\\\/titanium\\\/contact\\\/#primaryimage\"},\"image\":{\"@id\":\"https:\\\/\\\/hils.ro\\\/titanium\\\/contact\\\/#primaryimage\"},\"thumbnailUrl\":\"https:\\\/\\\/hils.ro\\\/titanium\\\/wp-content\\\/uploads\\\/2025\\\/04\\\/Cover-TTN_EXT_C04_small-1.jpg\",\"datePublished\":\"2020-06-04T07:58:11+00:00\",\"dateModified\":\"2026-04-16T06:46:32+00:00\",\"description\":\"Contacteaz\u0103-ne pentru detalii despre apartamentele noi din HILS Titanium. Echipa noastra este aici s\u0103 te ajute s\u0103 g\u0103se\u0219ti apartamentul ideal.\",\"breadcrumb\":{\"@id\":\"https:\\\/\\\/hils.ro\\\/titanium\\\/contact\\\/#breadcrumb\"},\"inLanguage\":\"ro-RO\",\"potentialAction\":[{\"@type\":\"ReadAction\",\"target\":[\"https:\\\/\\\/hils.ro\\\/titanium\\\/contact\\\/\"]}]},{\"@type\":\"ImageObject\",\"inLanguage\":\"ro-RO\",\"@id\":\"https:\\\/\\\/hils.ro\\\/titanium\\\/contact\\\/#primaryimage\",\"url\":\"https:\\\/\\\/hils.ro\\\/titanium\\\/wp-content\\\/uploads\\\/2025\\\/04\\\/Cover-TTN_EXT_C04_small-1.jpg\",\"contentUrl\":\"https:\\\/\\\/hils.ro\\\/titanium\\\/wp-content\\\/uploads\\\/2025\\\/04\\\/Cover-TTN_EXT_C04_small-1.jpg\",\"width\":1920,\"height\":800,\"caption\":\"HILS Titanium complex rezidential sector 3\"},{\"@type\":\"BreadcrumbList\",\"@id\":\"https:\\\/\\\/hils.ro\\\/titanium\\\/contact\\\/#breadcrumb\",\"itemListElement\":[{\"@type\":\"ListItem\",\"position\":1,\"name\":\"Home\",\"item\":\"https:\\\/\\\/hils.ro\\\/titanium\\\/\"},{\"@type\":\"ListItem\",\"position\":2,\"name\":\"Contact\"}]},{\"@type\":\"WebSite\",\"@id\":\"https:\\\/\\\/hils.ro\\\/titanium\\\/#website\",\"url\":\"https:\\\/\\\/hils.ro\\\/titanium\\\/\",\"name\":\"HILS Titanium\",\"description\":\"Apartamente noi sector 3 HILS Titanium, zona Pallady\",\"publisher\":{\"@id\":\"https:\\\/\\\/hils.ro\\\/titanium\\\/#organization\"},\"potentialAction\":[{\"@type\":\"SearchAction\",\"target\":{\"@type\":\"EntryPoint\",\"urlTemplate\":\"https:\\\/\\\/hils.ro\\\/titanium\\\/?s={search_term_string}\"},\"query-input\":{\"@type\":\"PropertyValueSpecification\",\"valueRequired\":true,\"valueName\":\"search_term_string\"}}],\"inLanguage\":\"ro-RO\"},{\"@type\":\"Organization\",\"@id\":\"https:\\\/\\\/hils.ro\\\/titanium\\\/#organization\",\"name\":\"HILS Titanium\",\"url\":\"https:\\\/\\\/hils.ro\\\/titanium\\\/\",\"logo\":{\"@type\":\"ImageObject\",\"inLanguage\":\"ro-RO\",\"@id\":\"https:\\\/\\\/hils.ro\\\/titanium\\\/#\\\/schema\\\/logo\\\/image\\\/\",\"url\":\"https:\\\/\\\/hils.ro\\\/titanium\\\/wp-content\\\/uploads\\\/2025\\\/11\\\/HILS-Titanium.svg\",\"contentUrl\":\"https:\\\/\\\/hils.ro\\\/titanium\\\/wp-content\\\/uploads\\\/2025\\\/11\\\/HILS-Titanium.svg\",\"width\":600,\"height\":200,\"caption\":\"HILS Titanium\"},\"image\":{\"@id\":\"https:\\\/\\\/hils.ro\\\/titanium\\\/#\\\/schema\\\/logo\\\/image\\\/\"},\"sameAs\":[\"https:\\\/\\\/www.facebook.com\\\/hils.development\\\/\"]}]}<\/script>\n<!-- \/ Yoast SEO plugin. -->","yoast_head_json":{"title":"Contact - HILS Titanium","description":"Contacteaz\u0103-ne pentru detalii despre apartamentele noi din HILS Titanium. Echipa noastra este aici s\u0103 te ajute s\u0103 g\u0103se\u0219ti apartamentul ideal.","robots":{"index":"index","follow":"follow","max-snippet":"max-snippet:-1","max-image-preview":"max-image-preview:large","max-video-preview":"max-video-preview:-1"},"canonical":"https:\/\/hils.ro\/titanium\/contact\/","og_locale":"ro_RO","og_type":"article","og_title":"Contact - HILS Titanium","og_description":"Contacteaz\u0103-ne pentru detalii despre apartamentele noi din HILS Titanium. Echipa noastra este aici s\u0103 te ajute s\u0103 g\u0103se\u0219ti apartamentul ideal.","og_url":"https:\/\/hils.ro\/titanium\/contact\/","og_site_name":"HILS Titanium","article_publisher":"https:\/\/www.facebook.com\/hils.development\/","article_modified_time":"2026-04-16T06:46:32+00:00","og_image":[{"width":1920,"height":800,"url":"https:\/\/hils.ro\/titanium\/wp-content\/uploads\/2025\/04\/Cover-TTN_EXT_C04_small-1.jpg","type":"image\/jpeg"}],"twitter_card":"summary_large_image","twitter_title":"Contact - HILS Titanium","twitter_description":"Contacteaz\u0103-ne pentru detalii despre apartamentele noi din HILS Titanium. Echipa noastra este aici s\u0103 te ajute s\u0103 g\u0103se\u0219ti apartamentul ideal.","twitter_image":"https:\/\/hils.ro\/titanium\/wp-content\/uploads\/2025\/04\/Cover-TTN_EXT_C04_small-1.jpg","twitter_misc":{"Timp estimat pentru citire":"1 minut"},"schema":{"@context":"https:\/\/schema.org","@graph":[{"@type":"WebPage","@id":"https:\/\/hils.ro\/titanium\/contact\/","url":"https:\/\/hils.ro\/titanium\/contact\/","name":"Contact - HILS Titanium","isPartOf":{"@id":"https:\/\/hils.ro\/titanium\/#website"},"primaryImageOfPage":{"@id":"https:\/\/hils.ro\/titanium\/contact\/#primaryimage"},"image":{"@id":"https:\/\/hils.ro\/titanium\/contact\/#primaryimage"},"thumbnailUrl":"https:\/\/hils.ro\/titanium\/wp-content\/uploads\/2025\/04\/Cover-TTN_EXT_C04_small-1.jpg","datePublished":"2020-06-04T07:58:11+00:00","dateModified":"2026-04-16T06:46:32+00:00","description":"Contacteaz\u0103-ne pentru detalii despre apartamentele noi din HILS Titanium. Echipa noastra este aici s\u0103 te ajute s\u0103 g\u0103se\u0219ti apartamentul ideal.","breadcrumb":{"@id":"https:\/\/hils.ro\/titanium\/contact\/#breadcrumb"},"inLanguage":"ro-RO","potentialAction":[{"@type":"ReadAction","target":["https:\/\/hils.ro\/titanium\/contact\/"]}]},{"@type":"ImageObject","inLanguage":"ro-RO","@id":"https:\/\/hils.ro\/titanium\/contact\/#primaryimage","url":"https:\/\/hils.ro\/titanium\/wp-content\/uploads\/2025\/04\/Cover-TTN_EXT_C04_small-1.jpg","contentUrl":"https:\/\/hils.ro\/titanium\/wp-content\/uploads\/2025\/04\/Cover-TTN_EXT_C04_small-1.jpg","width":1920,"height":800,"caption":"HILS Titanium complex rezidential sector 3"},{"@type":"BreadcrumbList","@id":"https:\/\/hils.ro\/titanium\/contact\/#breadcrumb","itemListElement":[{"@type":"ListItem","position":1,"name":"Home","item":"https:\/\/hils.ro\/titanium\/"},{"@type":"ListItem","position":2,"name":"Contact"}]},{"@type":"WebSite","@id":"https:\/\/hils.ro\/titanium\/#website","url":"https:\/\/hils.ro\/titanium\/","name":"HILS Titanium","description":"Apartamente noi sector 3 HILS Titanium, zona Pallady","publisher":{"@id":"https:\/\/hils.ro\/titanium\/#organization"},"potentialAction":[{"@type":"SearchAction","target":{"@type":"EntryPoint","urlTemplate":"https:\/\/hils.ro\/titanium\/?s={search_term_string}"},"query-input":{"@type":"PropertyValueSpecification","valueRequired":true,"valueName":"search_term_string"}}],"inLanguage":"ro-RO"},{"@type":"Organization","@id":"https:\/\/hils.ro\/titanium\/#organization","name":"HILS Titanium","url":"https:\/\/hils.ro\/titanium\/","logo":{"@type":"ImageObject","inLanguage":"ro-RO","@id":"https:\/\/hils.ro\/titanium\/#\/schema\/logo\/image\/","url":"https:\/\/hils.ro\/titanium\/wp-content\/uploads\/2025\/11\/HILS-Titanium.svg","contentUrl":"https:\/\/hils.ro\/titanium\/wp-content\/uploads\/2025\/11\/HILS-Titanium.svg","width":600,"height":200,"caption":"HILS Titanium"},"image":{"@id":"https:\/\/hils.ro\/titanium\/#\/schema\/logo\/image\/"},"sameAs":["https:\/\/www.facebook.com\/hils.development\/"]}]}},"_links":{"self":[{"href":"https:\/\/hils.ro\/titanium\/wp-json\/wp\/v2\/pages\/205","targetHints":{"allow":["GET"]}}],"collection":[{"href":"https:\/\/hils.ro\/titanium\/wp-json\/wp\/v2\/pages"}],"about":[{"href":"https:\/\/hils.ro\/titanium\/wp-json\/wp\/v2\/types\/page"}],"author":[{"embeddable":true,"href":"https:\/\/hils.ro\/titanium\/wp-json\/wp\/v2\/users\/10"}],"replies":[{"embeddable":true,"href":"https:\/\/hils.ro\/titanium\/wp-json\/wp\/v2\/comments?post=205"}],"version-history":[{"count":49,"href":"https:\/\/hils.ro\/titanium\/wp-json\/wp\/v2\/pages\/205\/revisions"}],"predecessor-version":[{"id":10790,"href":"https:\/\/hils.ro\/titanium\/wp-json\/wp\/v2\/pages\/205\/revisions\/10790"}],"wp:featuredmedia":[{"embeddable":true,"href":"https:\/\/hils.ro\/titanium\/wp-json\/wp\/v2\/media\/9433"}],"wp:attachment":[{"href":"https:\/\/hils.ro\/titanium\/wp-json\/wp\/v2\/media?parent=205"}],"curies":[{"name":"wp","href":"https:\/\/api.w.org\/{rel}","templated":true}]}}