{"id":2,"date":"2020-05-28T08:32:28","date_gmt":"2020-05-28T08:32:28","guid":{"rendered":"https:\/\/hils.ro\/?page_id=2"},"modified":"2026-04-16T09:47:57","modified_gmt":"2026-04-16T06:47:57","slug":"home","status":"publish","type":"page","link":"https:\/\/hils.ro\/titanium\/","title":{"rendered":"Home"},"content":{"rendered":"<h1>F\u0103 parte din comunitatea noastr\u0103!<\/h1>\n<p>Un proiect modern, construit din grij\u0103 pentru oameni.<\/p>\n","protected":false},"excerpt":{"rendered":"<p>F\u0103 parte din comunitatea noastr\u0103! Un proiect modern, construit din grij\u0103 pentru oameni.<\/p>\n","protected":false},"author":10,"featured_media":9332,"parent":0,"menu_order":0,"comment_status":"closed","ping_status":"closed","template":"template-homepage.php","meta":{"_acf_changed":false,"footnotes":""},"class_list":["post-2","page","type-page","status-publish","has-post-thumbnail","hentry"],"acf":[],"yoast_head":"<!-- This site is optimized with the Yoast SEO plugin v27.5 - https:\/\/yoast.com\/product\/yoast-seo-wordpress\/ -->\n<title>Apartamente noi HILS Titanium - sector 3, l\u00e2ng\u0103 metrou Nicolae Teclu<\/title>\n<meta name=\"description\" content=\"Descoper\u0103 HILS Titanium, un ansamblu reziden\u021bial modern \u00een estul Bucure\u0219tiului, cu apartamente noi sector 3 \u0219i acces rapid la metrou.\" \/>\n<meta name=\"robots\" content=\"index, follow, max-snippet:-1, max-image-preview:large, max-video-preview:-1\" \/>\n<link rel=\"canonical\" href=\"https:\/\/hils.ro\/titanium\/\" \/>\n<meta property=\"og:locale\" content=\"ro_RO\" \/>\n<meta property=\"og:type\" content=\"article\" \/>\n<meta property=\"og:title\" content=\"HILS Titanium \u2013 Apartamente moderne \u00een Sector 3, aproape de metrou\" \/>\n<meta property=\"og:description\" content=\"Descoper\u0103 HILS Titanium, un ansamblu reziden\u021bial modern \u00een estul Bucure\u0219tiului, cu apartamente noi moderne \u0219i acces rapid la metrou.\" \/>\n<meta property=\"og:url\" content=\"https:\/\/hils.ro\/titanium\/\" \/>\n<meta property=\"og:site_name\" content=\"HILS Titanium\" \/>\n<meta property=\"article:publisher\" content=\"https:\/\/www.facebook.com\/hils.development\/\" \/>\n<meta property=\"article:modified_time\" content=\"2026-04-16T06:47:57+00:00\" \/>\n<meta property=\"og:image\" content=\"https:\/\/hils.ro\/titanium\/wp-content\/uploads\/2025\/04\/Cover-TTN_EXT_C04_small.jpg\" \/>\n\t<meta property=\"og:image:width\" content=\"1920\" \/>\n\t<meta property=\"og:image:height\" content=\"800\" \/>\n\t<meta property=\"og:image:type\" content=\"image\/jpeg\" \/>\n<meta name=\"twitter:card\" content=\"summary_large_image\" \/>\n<meta name=\"twitter:title\" content=\"HILS Titanium \u2013 Apartamente moderne \u00een Sector 3, aproape de metrou\" \/>\n<meta name=\"twitter:description\" content=\"Descoper\u0103 HILS Titanium, un ansamblu reziden\u021bial modern \u00een estul Bucure\u0219tiului, cu apartamente noi moderne \u0219i acces rapid la metrou.\" \/>\n<meta name=\"twitter:image\" content=\"https:\/\/hils.ro\/titanium\/wp-content\/uploads\/2025\/04\/Cover-TTN_EXT_C04_small.jpg\" \/>\n<meta name=\"twitter:label1\" content=\"Timp estimat pentru citire\" \/>\n\t<meta name=\"twitter:data1\" content=\"1 minut\" \/>\n<script type=\"application\/ld+json\" class=\"yoast-schema-graph\">{\"@context\":\"https:\\\/\\\/schema.org\",\"@graph\":[{\"@type\":\"WebPage\",\"@id\":\"https:\\\/\\\/hils.ro\\\/titanium\\\/\",\"url\":\"https:\\\/\\\/hils.ro\\\/titanium\\\/\",\"name\":\"Apartamente noi HILS Titanium - sector 3, l\u00e2ng\u0103 metrou Nicolae Teclu\",\"isPartOf\":{\"@id\":\"https:\\\/\\\/hils.ro\\\/titanium\\\/#website\"},\"primaryImageOfPage\":{\"@id\":\"https:\\\/\\\/hils.ro\\\/titanium\\\/#primaryimage\"},\"image\":{\"@id\":\"https:\\\/\\\/hils.ro\\\/titanium\\\/#primaryimage\"},\"thumbnailUrl\":\"https:\\\/\\\/hils.ro\\\/titanium\\\/wp-content\\\/uploads\\\/2025\\\/04\\\/Cover-TTN_EXT_C04_small.jpg\",\"datePublished\":\"2020-05-28T08:32:28+00:00\",\"dateModified\":\"2026-04-16T06:47:57+00:00\",\"description\":\"Descoper\u0103 HILS Titanium, un ansamblu reziden\u021bial modern \u00een estul Bucure\u0219tiului, cu apartamente noi sector 3 \u0219i acces rapid la metrou.\",\"breadcrumb\":{\"@id\":\"https:\\\/\\\/hils.ro\\\/titanium\\\/#breadcrumb\"},\"inLanguage\":\"ro-RO\",\"potentialAction\":[{\"@type\":\"ReadAction\",\"target\":[\"https:\\\/\\\/hils.ro\\\/titanium\\\/\"]}]},{\"@type\":\"ImageObject\",\"inLanguage\":\"ro-RO\",\"@id\":\"https:\\\/\\\/hils.ro\\\/titanium\\\/#primaryimage\",\"url\":\"https:\\\/\\\/hils.ro\\\/titanium\\\/wp-content\\\/uploads\\\/2025\\\/04\\\/Cover-TTN_EXT_C04_small.jpg\",\"contentUrl\":\"https:\\\/\\\/hils.ro\\\/titanium\\\/wp-content\\\/uploads\\\/2025\\\/04\\\/Cover-TTN_EXT_C04_small.jpg\",\"width\":1920,\"height\":800,\"caption\":\"HILS Titanium complex rezidential sector 3\"},{\"@type\":\"BreadcrumbList\",\"@id\":\"https:\\\/\\\/hils.ro\\\/titanium\\\/#breadcrumb\",\"itemListElement\":[{\"@type\":\"ListItem\",\"position\":1,\"name\":\"Home\",\"item\":\"https:\\\/\\\/hils.ro\\\/titanium\\\/\"},{\"@type\":\"ListItem\",\"position\":2,\"name\":\"Home\"}]},{\"@type\":\"WebSite\",\"@id\":\"https:\\\/\\\/hils.ro\\\/titanium\\\/#website\",\"url\":\"https:\\\/\\\/hils.ro\\\/titanium\\\/\",\"name\":\"HILS Titanium\",\"description\":\"Apartamente noi sector 3 HILS Titanium, zona Pallady\",\"publisher\":{\"@id\":\"https:\\\/\\\/hils.ro\\\/titanium\\\/#organization\"},\"potentialAction\":[{\"@type\":\"SearchAction\",\"target\":{\"@type\":\"EntryPoint\",\"urlTemplate\":\"https:\\\/\\\/hils.ro\\\/titanium\\\/?s={search_term_string}\"},\"query-input\":{\"@type\":\"PropertyValueSpecification\",\"valueRequired\":true,\"valueName\":\"search_term_string\"}}],\"inLanguage\":\"ro-RO\"},{\"@type\":\"Organization\",\"@id\":\"https:\\\/\\\/hils.ro\\\/titanium\\\/#organization\",\"name\":\"HILS Titanium\",\"url\":\"https:\\\/\\\/hils.ro\\\/titanium\\\/\",\"logo\":{\"@type\":\"ImageObject\",\"inLanguage\":\"ro-RO\",\"@id\":\"https:\\\/\\\/hils.ro\\\/titanium\\\/#\\\/schema\\\/logo\\\/image\\\/\",\"url\":\"https:\\\/\\\/hils.ro\\\/titanium\\\/wp-content\\\/uploads\\\/2025\\\/11\\\/HILS-Titanium.svg\",\"contentUrl\":\"https:\\\/\\\/hils.ro\\\/titanium\\\/wp-content\\\/uploads\\\/2025\\\/11\\\/HILS-Titanium.svg\",\"width\":600,\"height\":200,\"caption\":\"HILS Titanium\"},\"image\":{\"@id\":\"https:\\\/\\\/hils.ro\\\/titanium\\\/#\\\/schema\\\/logo\\\/image\\\/\"},\"sameAs\":[\"https:\\\/\\\/www.facebook.com\\\/hils.development\\\/\"]}]}<\/script>\n<!-- \/ Yoast SEO plugin. -->","yoast_head_json":{"title":"Apartamente noi HILS Titanium - sector 3, l\u00e2ng\u0103 metrou Nicolae Teclu","description":"Descoper\u0103 HILS Titanium, un ansamblu reziden\u021bial modern \u00een estul Bucure\u0219tiului, cu apartamente noi sector 3 \u0219i acces rapid la metrou.","robots":{"index":"index","follow":"follow","max-snippet":"max-snippet:-1","max-image-preview":"max-image-preview:large","max-video-preview":"max-video-preview:-1"},"canonical":"https:\/\/hils.ro\/titanium\/","og_locale":"ro_RO","og_type":"article","og_title":"HILS Titanium \u2013 Apartamente moderne \u00een Sector 3, aproape de metrou","og_description":"Descoper\u0103 HILS Titanium, un ansamblu reziden\u021bial modern \u00een estul Bucure\u0219tiului, cu apartamente noi moderne \u0219i acces rapid la metrou.","og_url":"https:\/\/hils.ro\/titanium\/","og_site_name":"HILS Titanium","article_publisher":"https:\/\/www.facebook.com\/hils.development\/","article_modified_time":"2026-04-16T06:47:57+00:00","og_image":[{"width":1920,"height":800,"url":"https:\/\/hils.ro\/titanium\/wp-content\/uploads\/2025\/04\/Cover-TTN_EXT_C04_small.jpg","type":"image\/jpeg"}],"twitter_card":"summary_large_image","twitter_title":"HILS Titanium \u2013 Apartamente moderne \u00een Sector 3, aproape de metrou","twitter_description":"Descoper\u0103 HILS Titanium, un ansamblu reziden\u021bial modern \u00een estul Bucure\u0219tiului, cu apartamente noi moderne \u0219i acces rapid la metrou.","twitter_image":"https:\/\/hils.ro\/titanium\/wp-content\/uploads\/2025\/04\/Cover-TTN_EXT_C04_small.jpg","twitter_misc":{"Timp estimat pentru citire":"1 minut"},"schema":{"@context":"https:\/\/schema.org","@graph":[{"@type":"WebPage","@id":"https:\/\/hils.ro\/titanium\/","url":"https:\/\/hils.ro\/titanium\/","name":"Apartamente noi HILS Titanium - sector 3, l\u00e2ng\u0103 metrou Nicolae Teclu","isPartOf":{"@id":"https:\/\/hils.ro\/titanium\/#website"},"primaryImageOfPage":{"@id":"https:\/\/hils.ro\/titanium\/#primaryimage"},"image":{"@id":"https:\/\/hils.ro\/titanium\/#primaryimage"},"thumbnailUrl":"https:\/\/hils.ro\/titanium\/wp-content\/uploads\/2025\/04\/Cover-TTN_EXT_C04_small.jpg","datePublished":"2020-05-28T08:32:28+00:00","dateModified":"2026-04-16T06:47:57+00:00","description":"Descoper\u0103 HILS Titanium, un ansamblu reziden\u021bial modern \u00een estul Bucure\u0219tiului, cu apartamente noi sector 3 \u0219i acces rapid la metrou.","breadcrumb":{"@id":"https:\/\/hils.ro\/titanium\/#breadcrumb"},"inLanguage":"ro-RO","potentialAction":[{"@type":"ReadAction","target":["https:\/\/hils.ro\/titanium\/"]}]},{"@type":"ImageObject","inLanguage":"ro-RO","@id":"https:\/\/hils.ro\/titanium\/#primaryimage","url":"https:\/\/hils.ro\/titanium\/wp-content\/uploads\/2025\/04\/Cover-TTN_EXT_C04_small.jpg","contentUrl":"https:\/\/hils.ro\/titanium\/wp-content\/uploads\/2025\/04\/Cover-TTN_EXT_C04_small.jpg","width":1920,"height":800,"caption":"HILS Titanium complex rezidential sector 3"},{"@type":"BreadcrumbList","@id":"https:\/\/hils.ro\/titanium\/#breadcrumb","itemListElement":[{"@type":"ListItem","position":1,"name":"Home","item":"https:\/\/hils.ro\/titanium\/"},{"@type":"ListItem","position":2,"name":"Home"}]},{"@type":"WebSite","@id":"https:\/\/hils.ro\/titanium\/#website","url":"https:\/\/hils.ro\/titanium\/","name":"HILS Titanium","description":"Apartamente noi sector 3 HILS Titanium, zona Pallady","publisher":{"@id":"https:\/\/hils.ro\/titanium\/#organization"},"potentialAction":[{"@type":"SearchAction","target":{"@type":"EntryPoint","urlTemplate":"https:\/\/hils.ro\/titanium\/?s={search_term_string}"},"query-input":{"@type":"PropertyValueSpecification","valueRequired":true,"valueName":"search_term_string"}}],"inLanguage":"ro-RO"},{"@type":"Organization","@id":"https:\/\/hils.ro\/titanium\/#organization","name":"HILS Titanium","url":"https:\/\/hils.ro\/titanium\/","logo":{"@type":"ImageObject","inLanguage":"ro-RO","@id":"https:\/\/hils.ro\/titanium\/#\/schema\/logo\/image\/","url":"https:\/\/hils.ro\/titanium\/wp-content\/uploads\/2025\/11\/HILS-Titanium.svg","contentUrl":"https:\/\/hils.ro\/titanium\/wp-content\/uploads\/2025\/11\/HILS-Titanium.svg","width":600,"height":200,"caption":"HILS Titanium"},"image":{"@id":"https:\/\/hils.ro\/titanium\/#\/schema\/logo\/image\/"},"sameAs":["https:\/\/www.facebook.com\/hils.development\/"]}]}},"_links":{"self":[{"href":"https:\/\/hils.ro\/titanium\/wp-json\/wp\/v2\/pages\/2","targetHints":{"allow":["GET"]}}],"collection":[{"href":"https:\/\/hils.ro\/titanium\/wp-json\/wp\/v2\/pages"}],"about":[{"href":"https:\/\/hils.ro\/titanium\/wp-json\/wp\/v2\/types\/page"}],"author":[{"embeddable":true,"href":"https:\/\/hils.ro\/titanium\/wp-json\/wp\/v2\/users\/10"}],"replies":[{"embeddable":true,"href":"https:\/\/hils.ro\/titanium\/wp-json\/wp\/v2\/comments?post=2"}],"version-history":[{"count":105,"href":"https:\/\/hils.ro\/titanium\/wp-json\/wp\/v2\/pages\/2\/revisions"}],"predecessor-version":[{"id":11264,"href":"https:\/\/hils.ro\/titanium\/wp-json\/wp\/v2\/pages\/2\/revisions\/11264"}],"wp:featuredmedia":[{"embeddable":true,"href":"https:\/\/hils.ro\/titanium\/wp-json\/wp\/v2\/media\/9332"}],"wp:attachment":[{"href":"https:\/\/hils.ro\/titanium\/wp-json\/wp\/v2\/media?parent=2"}],"curies":[{"name":"wp","href":"https:\/\/api.w.org\/{rel}","templated":true}]}}