{"id":11326,"date":"2026-04-02T12:39:42","date_gmt":"2026-04-02T09:39:42","guid":{"rendered":"https:\/\/hils.ro\/sunrise\/?page_id=11326"},"modified":"2026-04-28T15:07:07","modified_gmt":"2026-04-28T12:07:07","slug":"finisaje","status":"publish","type":"page","link":"https:\/\/hils.ro\/sunrise\/finisaje\/","title":{"rendered":"Finisaje &#8211; Specifica\u021bii tehnice"},"content":{"rendered":"<h1>Specifica\u021bii tehnice<\/h1>\n<p>Colabor\u0103m cu furnizori specializa\u021bi \u0219i alegem materiale de calitate \u00eenalt\u0103 astfel \u00eenc\u00e2t s\u0103 \u00ee\u021bi cre\u0103m confortul necesar \u00een viitorul t\u0103u apartament.<\/p>\n<div class=\"cta_hero\" style=\"margin-top: 25px;\"><a class=\"vezi_apartamente\" style=\"color: #fff;\" href=\"https:\/\/hils.ro\/sunrise\/apartamente\/\">VEZI APARTAMENTELE<\/a> <a id=\"btn_solicita_oferta\" style=\"text-decoration: none; color: #18233f; background: #FED441; font-size: 14px; font-style: normal; font-weight: 500; margin-left: 10px; padding: 9px 20px;\" href=\"#form\">SOLICIT\u0102 O OFERT\u0102<\/a><\/div>\n","protected":false},"excerpt":{"rendered":"<p>Specifica\u021bii tehnice Colabor\u0103m cu furnizori specializa\u021bi \u0219i alegem materiale de calitate \u00eenalt\u0103 astfel \u00eenc\u00e2t s\u0103 \u00ee\u021bi cre\u0103m confortul necesar \u00een viitorul t\u0103u apartament. VEZI APARTAMENTELE SOLICIT\u0102 O OFERT\u0102<\/p>\n","protected":false},"author":13,"featured_media":9163,"parent":0,"menu_order":0,"comment_status":"closed","ping_status":"closed","template":"template-finisaje.php","meta":{"_acf_changed":false,"inline_featured_image":false,"footnotes":""},"class_list":["post-11326","page","type-page","status-publish","has-post-thumbnail","hentry"],"acf":[],"yoast_head":"<!-- This site is optimized with the Yoast SEO plugin v27.5 - https:\/\/yoast.com\/product\/yoast-seo-wordpress\/ -->\n<title>Finisaje - Specifica\u021bii tehnice - HILS Sunrise<\/title>\n<meta name=\"description\" content=\"Descoper\u0103 finisajele premium din apartamentele HILS Sunrise!Design modern, materiale de calitate \u0219i aten\u021bie la detalii.Sector 3,zona Pallady.\" \/>\n<meta name=\"robots\" content=\"index, follow, max-snippet:-1, max-image-preview:large, max-video-preview:-1\" \/>\n<link rel=\"canonical\" href=\"https:\/\/hils.ro\/sunrise\/finisaje\/\" \/>\n<meta property=\"og:locale\" content=\"ro_RO\" \/>\n<meta property=\"og:type\" content=\"article\" \/>\n<meta property=\"og:title\" content=\"Finisaje premium | HILS Sunrise - apartamente noi de v\u00e2nzare \u00een Sector 3\" \/>\n<meta property=\"og:description\" content=\"Descoper\u0103 finisajele premium din apartamentele HILS Sunrise!Design modern, materiale de calitate \u0219i aten\u021bie la detalii.Sector 3,zona Pallady.\" \/>\n<meta property=\"og:url\" content=\"https:\/\/hils.ro\/sunrise\/finisaje\/\" \/>\n<meta property=\"og:site_name\" content=\"HILS Sunrise\" \/>\n<meta property=\"article:publisher\" content=\"https:\/\/www.facebook.com\/hils.development\/\" \/>\n<meta property=\"article:modified_time\" content=\"2026-04-28T12:07:07+00:00\" \/>\n<meta property=\"og:image\" content=\"https:\/\/hils.ro\/sunrise\/wp-content\/uploads\/2024\/12\/HILS_Curte_01_final-1-1.jpg\" \/>\n\t<meta property=\"og:image:width\" content=\"1920\" \/>\n\t<meta property=\"og:image:height\" content=\"800\" \/>\n\t<meta property=\"og:image:type\" content=\"image\/jpeg\" \/>\n<meta name=\"twitter:card\" content=\"summary_large_image\" \/>\n<meta name=\"twitter:title\" content=\"Finisaje premium | HILS Sunrise - apartamente noi de v\u00e2nzare \u00een Sector 3\" \/>\n<meta name=\"twitter:description\" content=\"Descoper\u0103 finisajele premium din apartamentele HILS Sunrise!Design modern, materiale de calitate \u0219i aten\u021bie la detalii.Sector 3,zona Pallady.\" \/>\n<meta name=\"twitter:label1\" content=\"Timp estimat pentru citire\" \/>\n\t<meta name=\"twitter:data1\" content=\"1 minut\" \/>\n<script type=\"application\/ld+json\" class=\"yoast-schema-graph\">{\"@context\":\"https:\\\/\\\/schema.org\",\"@graph\":[{\"@type\":\"WebPage\",\"@id\":\"https:\\\/\\\/hils.ro\\\/sunrise\\\/finisaje\\\/\",\"url\":\"https:\\\/\\\/hils.ro\\\/sunrise\\\/finisaje\\\/\",\"name\":\"Finisaje - Specifica\u021bii tehnice - HILS Sunrise\",\"isPartOf\":{\"@id\":\"https:\\\/\\\/hils.ro\\\/sunrise\\\/#website\"},\"primaryImageOfPage\":{\"@id\":\"https:\\\/\\\/hils.ro\\\/sunrise\\\/finisaje\\\/#primaryimage\"},\"image\":{\"@id\":\"https:\\\/\\\/hils.ro\\\/sunrise\\\/finisaje\\\/#primaryimage\"},\"thumbnailUrl\":\"https:\\\/\\\/hils.ro\\\/sunrise\\\/wp-content\\\/uploads\\\/2024\\\/12\\\/HILS_Curte_01_final-1-1.jpg\",\"datePublished\":\"2026-04-02T09:39:42+00:00\",\"dateModified\":\"2026-04-28T12:07:07+00:00\",\"description\":\"Descoper\u0103 finisajele premium din apartamentele HILS Sunrise!Design modern, materiale de calitate \u0219i aten\u021bie la detalii.Sector 3,zona Pallady.\",\"breadcrumb\":{\"@id\":\"https:\\\/\\\/hils.ro\\\/sunrise\\\/finisaje\\\/#breadcrumb\"},\"inLanguage\":\"ro-RO\",\"potentialAction\":[{\"@type\":\"ReadAction\",\"target\":[\"https:\\\/\\\/hils.ro\\\/sunrise\\\/finisaje\\\/\"]}]},{\"@type\":\"ImageObject\",\"inLanguage\":\"ro-RO\",\"@id\":\"https:\\\/\\\/hils.ro\\\/sunrise\\\/finisaje\\\/#primaryimage\",\"url\":\"https:\\\/\\\/hils.ro\\\/sunrise\\\/wp-content\\\/uploads\\\/2024\\\/12\\\/HILS_Curte_01_final-1-1.jpg\",\"contentUrl\":\"https:\\\/\\\/hils.ro\\\/sunrise\\\/wp-content\\\/uploads\\\/2024\\\/12\\\/HILS_Curte_01_final-1-1.jpg\",\"width\":1920,\"height\":800},{\"@type\":\"BreadcrumbList\",\"@id\":\"https:\\\/\\\/hils.ro\\\/sunrise\\\/finisaje\\\/#breadcrumb\",\"itemListElement\":[{\"@type\":\"ListItem\",\"position\":1,\"name\":\"Home\",\"item\":\"https:\\\/\\\/hils.ro\\\/sunrise\\\/\"},{\"@type\":\"ListItem\",\"position\":2,\"name\":\"Finisaje &#8211; Specifica\u021bii tehnice\"}]},{\"@type\":\"WebSite\",\"@id\":\"https:\\\/\\\/hils.ro\\\/sunrise\\\/#website\",\"url\":\"https:\\\/\\\/hils.ro\\\/sunrise\\\/\",\"name\":\"HILS Sunrise\",\"description\":\"Apartamente noi sector 3 HILS Sunrise, zona Pallady\",\"publisher\":{\"@id\":\"https:\\\/\\\/hils.ro\\\/sunrise\\\/#organization\"},\"potentialAction\":[{\"@type\":\"SearchAction\",\"target\":{\"@type\":\"EntryPoint\",\"urlTemplate\":\"https:\\\/\\\/hils.ro\\\/sunrise\\\/?s={search_term_string}\"},\"query-input\":{\"@type\":\"PropertyValueSpecification\",\"valueRequired\":true,\"valueName\":\"search_term_string\"}}],\"inLanguage\":\"ro-RO\"},{\"@type\":\"Organization\",\"@id\":\"https:\\\/\\\/hils.ro\\\/sunrise\\\/#organization\",\"name\":\"HILS Brauner\",\"url\":\"https:\\\/\\\/hils.ro\\\/sunrise\\\/\",\"logo\":{\"@type\":\"ImageObject\",\"inLanguage\":\"ro-RO\",\"@id\":\"https:\\\/\\\/hils.ro\\\/sunrise\\\/#\\\/schema\\\/logo\\\/image\\\/\",\"url\":\"https:\\\/\\\/hils.ro\\\/sunrise\\\/wp-content\\\/uploads\\\/2025\\\/11\\\/HILS-Sunrise.svg\",\"contentUrl\":\"https:\\\/\\\/hils.ro\\\/sunrise\\\/wp-content\\\/uploads\\\/2025\\\/11\\\/HILS-Sunrise.svg\",\"width\":180,\"height\":60,\"caption\":\"HILS Brauner\"},\"image\":{\"@id\":\"https:\\\/\\\/hils.ro\\\/sunrise\\\/#\\\/schema\\\/logo\\\/image\\\/\"},\"sameAs\":[\"https:\\\/\\\/www.facebook.com\\\/hils.development\\\/\"]}]}<\/script>\n<!-- \/ Yoast SEO plugin. -->","yoast_head_json":{"title":"Finisaje - Specifica\u021bii tehnice - HILS Sunrise","description":"Descoper\u0103 finisajele premium din apartamentele HILS Sunrise!Design modern, materiale de calitate \u0219i aten\u021bie la detalii.Sector 3,zona Pallady.","robots":{"index":"index","follow":"follow","max-snippet":"max-snippet:-1","max-image-preview":"max-image-preview:large","max-video-preview":"max-video-preview:-1"},"canonical":"https:\/\/hils.ro\/sunrise\/finisaje\/","og_locale":"ro_RO","og_type":"article","og_title":"Finisaje premium | HILS Sunrise - apartamente noi de v\u00e2nzare \u00een Sector 3","og_description":"Descoper\u0103 finisajele premium din apartamentele HILS Sunrise!Design modern, materiale de calitate \u0219i aten\u021bie la detalii.Sector 3,zona Pallady.","og_url":"https:\/\/hils.ro\/sunrise\/finisaje\/","og_site_name":"HILS Sunrise","article_publisher":"https:\/\/www.facebook.com\/hils.development\/","article_modified_time":"2026-04-28T12:07:07+00:00","og_image":[{"width":1920,"height":800,"url":"https:\/\/hils.ro\/sunrise\/wp-content\/uploads\/2024\/12\/HILS_Curte_01_final-1-1.jpg","type":"image\/jpeg"}],"twitter_card":"summary_large_image","twitter_title":"Finisaje premium | HILS Sunrise - apartamente noi de v\u00e2nzare \u00een Sector 3","twitter_description":"Descoper\u0103 finisajele premium din apartamentele HILS Sunrise!Design modern, materiale de calitate \u0219i aten\u021bie la detalii.Sector 3,zona Pallady.","twitter_misc":{"Timp estimat pentru citire":"1 minut"},"schema":{"@context":"https:\/\/schema.org","@graph":[{"@type":"WebPage","@id":"https:\/\/hils.ro\/sunrise\/finisaje\/","url":"https:\/\/hils.ro\/sunrise\/finisaje\/","name":"Finisaje - Specifica\u021bii tehnice - HILS Sunrise","isPartOf":{"@id":"https:\/\/hils.ro\/sunrise\/#website"},"primaryImageOfPage":{"@id":"https:\/\/hils.ro\/sunrise\/finisaje\/#primaryimage"},"image":{"@id":"https:\/\/hils.ro\/sunrise\/finisaje\/#primaryimage"},"thumbnailUrl":"https:\/\/hils.ro\/sunrise\/wp-content\/uploads\/2024\/12\/HILS_Curte_01_final-1-1.jpg","datePublished":"2026-04-02T09:39:42+00:00","dateModified":"2026-04-28T12:07:07+00:00","description":"Descoper\u0103 finisajele premium din apartamentele HILS Sunrise!Design modern, materiale de calitate \u0219i aten\u021bie la detalii.Sector 3,zona Pallady.","breadcrumb":{"@id":"https:\/\/hils.ro\/sunrise\/finisaje\/#breadcrumb"},"inLanguage":"ro-RO","potentialAction":[{"@type":"ReadAction","target":["https:\/\/hils.ro\/sunrise\/finisaje\/"]}]},{"@type":"ImageObject","inLanguage":"ro-RO","@id":"https:\/\/hils.ro\/sunrise\/finisaje\/#primaryimage","url":"https:\/\/hils.ro\/sunrise\/wp-content\/uploads\/2024\/12\/HILS_Curte_01_final-1-1.jpg","contentUrl":"https:\/\/hils.ro\/sunrise\/wp-content\/uploads\/2024\/12\/HILS_Curte_01_final-1-1.jpg","width":1920,"height":800},{"@type":"BreadcrumbList","@id":"https:\/\/hils.ro\/sunrise\/finisaje\/#breadcrumb","itemListElement":[{"@type":"ListItem","position":1,"name":"Home","item":"https:\/\/hils.ro\/sunrise\/"},{"@type":"ListItem","position":2,"name":"Finisaje &#8211; Specifica\u021bii tehnice"}]},{"@type":"WebSite","@id":"https:\/\/hils.ro\/sunrise\/#website","url":"https:\/\/hils.ro\/sunrise\/","name":"HILS Sunrise","description":"Apartamente noi sector 3 HILS Sunrise, zona Pallady","publisher":{"@id":"https:\/\/hils.ro\/sunrise\/#organization"},"potentialAction":[{"@type":"SearchAction","target":{"@type":"EntryPoint","urlTemplate":"https:\/\/hils.ro\/sunrise\/?s={search_term_string}"},"query-input":{"@type":"PropertyValueSpecification","valueRequired":true,"valueName":"search_term_string"}}],"inLanguage":"ro-RO"},{"@type":"Organization","@id":"https:\/\/hils.ro\/sunrise\/#organization","name":"HILS Brauner","url":"https:\/\/hils.ro\/sunrise\/","logo":{"@type":"ImageObject","inLanguage":"ro-RO","@id":"https:\/\/hils.ro\/sunrise\/#\/schema\/logo\/image\/","url":"https:\/\/hils.ro\/sunrise\/wp-content\/uploads\/2025\/11\/HILS-Sunrise.svg","contentUrl":"https:\/\/hils.ro\/sunrise\/wp-content\/uploads\/2025\/11\/HILS-Sunrise.svg","width":180,"height":60,"caption":"HILS Brauner"},"image":{"@id":"https:\/\/hils.ro\/sunrise\/#\/schema\/logo\/image\/"},"sameAs":["https:\/\/www.facebook.com\/hils.development\/"]}]}},"_links":{"self":[{"href":"https:\/\/hils.ro\/sunrise\/wp-json\/wp\/v2\/pages\/11326","targetHints":{"allow":["GET"]}}],"collection":[{"href":"https:\/\/hils.ro\/sunrise\/wp-json\/wp\/v2\/pages"}],"about":[{"href":"https:\/\/hils.ro\/sunrise\/wp-json\/wp\/v2\/types\/page"}],"author":[{"embeddable":true,"href":"https:\/\/hils.ro\/sunrise\/wp-json\/wp\/v2\/users\/13"}],"replies":[{"embeddable":true,"href":"https:\/\/hils.ro\/sunrise\/wp-json\/wp\/v2\/comments?post=11326"}],"version-history":[{"count":33,"href":"https:\/\/hils.ro\/sunrise\/wp-json\/wp\/v2\/pages\/11326\/revisions"}],"predecessor-version":[{"id":11509,"href":"https:\/\/hils.ro\/sunrise\/wp-json\/wp\/v2\/pages\/11326\/revisions\/11509"}],"wp:featuredmedia":[{"embeddable":true,"href":"https:\/\/hils.ro\/sunrise\/wp-json\/wp\/v2\/media\/9163"}],"wp:attachment":[{"href":"https:\/\/hils.ro\/sunrise\/wp-json\/wp\/v2\/media?parent=11326"}],"curies":[{"name":"wp","href":"https:\/\/api.w.org\/{rel}","templated":true}]}}