{"id":217,"date":"2020-06-05T08:43:55","date_gmt":"2020-06-05T05:43:55","guid":{"rendered":"https:\/\/hils.ro\/?page_id=217"},"modified":"2026-03-19T10:02:53","modified_gmt":"2026-03-19T08:02:53","slug":"galerie","status":"publish","type":"page","link":"https:\/\/hils.ro\/republica\/galerie\/","title":{"rendered":"Galerie"},"content":{"rendered":"<h1>Galerie<\/h1>\n<p>Exploreaz\u0103 HILS Republica \u00een imagini \u2013 de la viziune la realitate!<\/p>\n<div class=\"cta_hero\"><a class=\"vezi_apartamente\" style=\"color: #fff;\" href=\"https:\/\/hils.ro\/republica\/apartamente\/\">VEZI APARTAMENTELE<\/a><br \/>\n<a id=\"btn_solicita_oferta\" class=\"vezi_tur\" style=\"color: #fff; background: #EF4B23; font-size: 14px; font-style: normal; font-weight: 500; margin-left: 30px; padding: 9px 20px;\" href=\"#contact\">SOLICIT\u0102 O OFERT\u0102<\/a><\/div>\n","protected":false},"excerpt":{"rendered":"<p>Galerie Exploreaz\u0103 HILS Republica \u00een imagini \u2013 de la viziune la realitate! VEZI APARTAMENTELE SOLICIT\u0102 O OFERT\u0102<\/p>\n","protected":false},"author":14,"featured_media":8962,"parent":0,"menu_order":0,"comment_status":"closed","ping_status":"closed","template":"template-galerie.php","meta":{"_acf_changed":false,"inline_featured_image":false,"footnotes":""},"class_list":["post-217","page","type-page","status-publish","has-post-thumbnail","hentry"],"acf":[],"yoast_head":"<!-- This site is optimized with the Yoast SEO plugin v27.3 - https:\/\/yoast.com\/product\/yoast-seo-wordpress\/ -->\n<title>Galerie - HILS Republica<\/title>\n<meta name=\"description\" content=\"Exploreaz\u0103 HILS Republica, de la viziune la realitate. Descoper\u0103 arhitectura modern\u0103 \u0219i evolu\u021bia proiectului pas cu pas, prin poze \u0219i video.\" \/>\n<meta name=\"robots\" content=\"index, follow, max-snippet:-1, max-image-preview:large, max-video-preview:-1\" \/>\n<link rel=\"canonical\" href=\"https:\/\/hils.ro\/republica\/galerie\/\" \/>\n<meta property=\"og:locale\" content=\"ro_RO\" \/>\n<meta property=\"og:type\" content=\"article\" \/>\n<meta property=\"og:title\" content=\"HILS Republica - galerie foto \u0219i video\" \/>\n<meta property=\"og:description\" content=\"Exploreaz\u0103 HILS Republica, de la viziune la realitate. Descoper\u0103 arhitectura modern\u0103 \u0219i evolu\u021bia proiectului pas cu pas, prin poze \u0219i video.\" \/>\n<meta property=\"og:url\" content=\"https:\/\/hils.ro\/republica\/galerie\/\" \/>\n<meta property=\"og:site_name\" content=\"HILS Republica\" \/>\n<meta property=\"article:publisher\" content=\"https:\/\/www.facebook.com\/hils.development\/\" \/>\n<meta property=\"article:modified_time\" content=\"2026-03-19T08:02:53+00:00\" \/>\n<meta property=\"og:image\" content=\"https:\/\/hils.ro\/republica\/wp-content\/uploads\/2025\/02\/HILS-Republica-cover-photo-5.jpg\" \/>\n\t<meta property=\"og:image:width\" content=\"1920\" \/>\n\t<meta property=\"og:image:height\" content=\"800\" \/>\n\t<meta property=\"og:image:type\" content=\"image\/jpeg\" \/>\n<meta name=\"twitter:card\" content=\"summary_large_image\" \/>\n<meta name=\"twitter:title\" content=\"HILS Republica - galerie foto \u0219i video\" \/>\n<meta name=\"twitter:description\" content=\"Exploreaz\u0103 HILS Republica, de la viziune la realitate. Descoper\u0103 arhitectura modern\u0103 \u0219i evolu\u021bia proiectului pas cu pas, prin poze \u0219i video.\" \/>\n<meta name=\"twitter:image\" content=\"https:\/\/hils.ro\/republica\/wp-content\/uploads\/2025\/02\/HILS-Republica-cover-photo-5.jpg\" \/>\n<meta name=\"twitter:label1\" content=\"Timp estimat pentru citire\" \/>\n\t<meta name=\"twitter:data1\" content=\"1 minut\" \/>\n<script type=\"application\/ld+json\" class=\"yoast-schema-graph\">{\"@context\":\"https:\\\/\\\/schema.org\",\"@graph\":[{\"@type\":\"WebPage\",\"@id\":\"https:\\\/\\\/hils.ro\\\/republica\\\/galerie\\\/\",\"url\":\"https:\\\/\\\/hils.ro\\\/republica\\\/galerie\\\/\",\"name\":\"Galerie - HILS Republica\",\"isPartOf\":{\"@id\":\"https:\\\/\\\/hils.ro\\\/republica\\\/#website\"},\"primaryImageOfPage\":{\"@id\":\"https:\\\/\\\/hils.ro\\\/republica\\\/galerie\\\/#primaryimage\"},\"image\":{\"@id\":\"https:\\\/\\\/hils.ro\\\/republica\\\/galerie\\\/#primaryimage\"},\"thumbnailUrl\":\"https:\\\/\\\/hils.ro\\\/republica\\\/wp-content\\\/uploads\\\/2024\\\/11\\\/Cover-02_REP_EXT_C02-copy.jpg\",\"datePublished\":\"2020-06-05T05:43:55+00:00\",\"dateModified\":\"2026-03-19T08:02:53+00:00\",\"description\":\"Exploreaz\u0103 HILS Republica, de la viziune la realitate. Descoper\u0103 arhitectura modern\u0103 \u0219i evolu\u021bia proiectului pas cu pas, prin poze \u0219i video.\",\"breadcrumb\":{\"@id\":\"https:\\\/\\\/hils.ro\\\/republica\\\/galerie\\\/#breadcrumb\"},\"inLanguage\":\"ro-RO\",\"potentialAction\":[{\"@type\":\"ReadAction\",\"target\":[\"https:\\\/\\\/hils.ro\\\/republica\\\/galerie\\\/\"]}]},{\"@type\":\"ImageObject\",\"inLanguage\":\"ro-RO\",\"@id\":\"https:\\\/\\\/hils.ro\\\/republica\\\/galerie\\\/#primaryimage\",\"url\":\"https:\\\/\\\/hils.ro\\\/republica\\\/wp-content\\\/uploads\\\/2024\\\/11\\\/Cover-02_REP_EXT_C02-copy.jpg\",\"contentUrl\":\"https:\\\/\\\/hils.ro\\\/republica\\\/wp-content\\\/uploads\\\/2024\\\/11\\\/Cover-02_REP_EXT_C02-copy.jpg\",\"width\":1920,\"height\":800,\"caption\":\"HILS Republica - complex rezidential sector 3\"},{\"@type\":\"BreadcrumbList\",\"@id\":\"https:\\\/\\\/hils.ro\\\/republica\\\/galerie\\\/#breadcrumb\",\"itemListElement\":[{\"@type\":\"ListItem\",\"position\":1,\"name\":\"Home\",\"item\":\"https:\\\/\\\/hils.ro\\\/republica\\\/\"},{\"@type\":\"ListItem\",\"position\":2,\"name\":\"Galerie\"}]},{\"@type\":\"WebSite\",\"@id\":\"https:\\\/\\\/hils.ro\\\/republica\\\/#website\",\"url\":\"https:\\\/\\\/hils.ro\\\/republica\\\/\",\"name\":\"HILS Republica\",\"description\":\"\",\"publisher\":{\"@id\":\"https:\\\/\\\/hils.ro\\\/republica\\\/#organization\"},\"potentialAction\":[{\"@type\":\"SearchAction\",\"target\":{\"@type\":\"EntryPoint\",\"urlTemplate\":\"https:\\\/\\\/hils.ro\\\/republica\\\/?s={search_term_string}\"},\"query-input\":{\"@type\":\"PropertyValueSpecification\",\"valueRequired\":true,\"valueName\":\"search_term_string\"}}],\"inLanguage\":\"ro-RO\"},{\"@type\":\"Organization\",\"@id\":\"https:\\\/\\\/hils.ro\\\/republica\\\/#organization\",\"name\":\"HILS Republica\",\"url\":\"https:\\\/\\\/hils.ro\\\/republica\\\/\",\"logo\":{\"@type\":\"ImageObject\",\"inLanguage\":\"ro-RO\",\"@id\":\"https:\\\/\\\/hils.ro\\\/republica\\\/#\\\/schema\\\/logo\\\/image\\\/\",\"url\":\"https:\\\/\\\/hils.ro\\\/republica\\\/wp-content\\\/uploads\\\/2025\\\/11\\\/HILS-Republica.svg\",\"contentUrl\":\"https:\\\/\\\/hils.ro\\\/republica\\\/wp-content\\\/uploads\\\/2025\\\/11\\\/HILS-Republica.svg\",\"width\":180,\"height\":60,\"caption\":\"HILS Republica\"},\"image\":{\"@id\":\"https:\\\/\\\/hils.ro\\\/republica\\\/#\\\/schema\\\/logo\\\/image\\\/\"},\"sameAs\":[\"https:\\\/\\\/www.facebook.com\\\/hils.development\\\/\",\"https:\\\/\\\/www.instagram.com\\\/hils.development\",\"https:\\\/\\\/www.youtube.com\\\/@HILSDevelopment\",\"https:\\\/\\\/www.linkedin.com\\\/company\\\/40928572\\\/\",\"https:\\\/\\\/www.tiktok.com\\\/@hils.development\"]}]}<\/script>\n<!-- \/ Yoast SEO plugin. -->","yoast_head_json":{"title":"Galerie - HILS Republica","description":"Exploreaz\u0103 HILS Republica, de la viziune la realitate. Descoper\u0103 arhitectura modern\u0103 \u0219i evolu\u021bia proiectului pas cu pas, prin poze \u0219i video.","robots":{"index":"index","follow":"follow","max-snippet":"max-snippet:-1","max-image-preview":"max-image-preview:large","max-video-preview":"max-video-preview:-1"},"canonical":"https:\/\/hils.ro\/republica\/galerie\/","og_locale":"ro_RO","og_type":"article","og_title":"HILS Republica - galerie foto \u0219i video","og_description":"Exploreaz\u0103 HILS Republica, de la viziune la realitate. Descoper\u0103 arhitectura modern\u0103 \u0219i evolu\u021bia proiectului pas cu pas, prin poze \u0219i video.","og_url":"https:\/\/hils.ro\/republica\/galerie\/","og_site_name":"HILS Republica","article_publisher":"https:\/\/www.facebook.com\/hils.development\/","article_modified_time":"2026-03-19T08:02:53+00:00","og_image":[{"width":1920,"height":800,"url":"https:\/\/hils.ro\/republica\/wp-content\/uploads\/2025\/02\/HILS-Republica-cover-photo-5.jpg","type":"image\/jpeg"}],"twitter_card":"summary_large_image","twitter_title":"HILS Republica - galerie foto \u0219i video","twitter_description":"Exploreaz\u0103 HILS Republica, de la viziune la realitate. Descoper\u0103 arhitectura modern\u0103 \u0219i evolu\u021bia proiectului pas cu pas, prin poze \u0219i video.","twitter_image":"https:\/\/hils.ro\/republica\/wp-content\/uploads\/2025\/02\/HILS-Republica-cover-photo-5.jpg","twitter_misc":{"Timp estimat pentru citire":"1 minut"},"schema":{"@context":"https:\/\/schema.org","@graph":[{"@type":"WebPage","@id":"https:\/\/hils.ro\/republica\/galerie\/","url":"https:\/\/hils.ro\/republica\/galerie\/","name":"Galerie - HILS Republica","isPartOf":{"@id":"https:\/\/hils.ro\/republica\/#website"},"primaryImageOfPage":{"@id":"https:\/\/hils.ro\/republica\/galerie\/#primaryimage"},"image":{"@id":"https:\/\/hils.ro\/republica\/galerie\/#primaryimage"},"thumbnailUrl":"https:\/\/hils.ro\/republica\/wp-content\/uploads\/2024\/11\/Cover-02_REP_EXT_C02-copy.jpg","datePublished":"2020-06-05T05:43:55+00:00","dateModified":"2026-03-19T08:02:53+00:00","description":"Exploreaz\u0103 HILS Republica, de la viziune la realitate. Descoper\u0103 arhitectura modern\u0103 \u0219i evolu\u021bia proiectului pas cu pas, prin poze \u0219i video.","breadcrumb":{"@id":"https:\/\/hils.ro\/republica\/galerie\/#breadcrumb"},"inLanguage":"ro-RO","potentialAction":[{"@type":"ReadAction","target":["https:\/\/hils.ro\/republica\/galerie\/"]}]},{"@type":"ImageObject","inLanguage":"ro-RO","@id":"https:\/\/hils.ro\/republica\/galerie\/#primaryimage","url":"https:\/\/hils.ro\/republica\/wp-content\/uploads\/2024\/11\/Cover-02_REP_EXT_C02-copy.jpg","contentUrl":"https:\/\/hils.ro\/republica\/wp-content\/uploads\/2024\/11\/Cover-02_REP_EXT_C02-copy.jpg","width":1920,"height":800,"caption":"HILS Republica - complex rezidential sector 3"},{"@type":"BreadcrumbList","@id":"https:\/\/hils.ro\/republica\/galerie\/#breadcrumb","itemListElement":[{"@type":"ListItem","position":1,"name":"Home","item":"https:\/\/hils.ro\/republica\/"},{"@type":"ListItem","position":2,"name":"Galerie"}]},{"@type":"WebSite","@id":"https:\/\/hils.ro\/republica\/#website","url":"https:\/\/hils.ro\/republica\/","name":"HILS Republica","description":"","publisher":{"@id":"https:\/\/hils.ro\/republica\/#organization"},"potentialAction":[{"@type":"SearchAction","target":{"@type":"EntryPoint","urlTemplate":"https:\/\/hils.ro\/republica\/?s={search_term_string}"},"query-input":{"@type":"PropertyValueSpecification","valueRequired":true,"valueName":"search_term_string"}}],"inLanguage":"ro-RO"},{"@type":"Organization","@id":"https:\/\/hils.ro\/republica\/#organization","name":"HILS Republica","url":"https:\/\/hils.ro\/republica\/","logo":{"@type":"ImageObject","inLanguage":"ro-RO","@id":"https:\/\/hils.ro\/republica\/#\/schema\/logo\/image\/","url":"https:\/\/hils.ro\/republica\/wp-content\/uploads\/2025\/11\/HILS-Republica.svg","contentUrl":"https:\/\/hils.ro\/republica\/wp-content\/uploads\/2025\/11\/HILS-Republica.svg","width":180,"height":60,"caption":"HILS Republica"},"image":{"@id":"https:\/\/hils.ro\/republica\/#\/schema\/logo\/image\/"},"sameAs":["https:\/\/www.facebook.com\/hils.development\/","https:\/\/www.instagram.com\/hils.development","https:\/\/www.youtube.com\/@HILSDevelopment","https:\/\/www.linkedin.com\/company\/40928572\/","https:\/\/www.tiktok.com\/@hils.development"]}]}},"_links":{"self":[{"href":"https:\/\/hils.ro\/republica\/wp-json\/wp\/v2\/pages\/217","targetHints":{"allow":["GET"]}}],"collection":[{"href":"https:\/\/hils.ro\/republica\/wp-json\/wp\/v2\/pages"}],"about":[{"href":"https:\/\/hils.ro\/republica\/wp-json\/wp\/v2\/types\/page"}],"author":[{"embeddable":true,"href":"https:\/\/hils.ro\/republica\/wp-json\/wp\/v2\/users\/14"}],"replies":[{"embeddable":true,"href":"https:\/\/hils.ro\/republica\/wp-json\/wp\/v2\/comments?post=217"}],"version-history":[{"count":25,"href":"https:\/\/hils.ro\/republica\/wp-json\/wp\/v2\/pages\/217\/revisions"}],"predecessor-version":[{"id":11108,"href":"https:\/\/hils.ro\/republica\/wp-json\/wp\/v2\/pages\/217\/revisions\/11108"}],"wp:featuredmedia":[{"embeddable":true,"href":"https:\/\/hils.ro\/republica\/wp-json\/wp\/v2\/media\/8962"}],"wp:attachment":[{"href":"https:\/\/hils.ro\/republica\/wp-json\/wp\/v2\/media?parent=217"}],"curies":[{"name":"wp","href":"https:\/\/api.w.org\/{rel}","templated":true}]}}